= o*f - f. Calculate the remainder when f is divided by 21.
16
Suppose 7*t - 3456 = -25*t - 4*t. Calculate the remainder when 5759 is divided by t.
95
Suppose 4*v - j - 37 = 20, 0 = -j - 5. What is the remainder when 174 is divided by v?
5
Let z = -54 - -133. Let m = z - 67. Calculate the remainder when (-40)/15*(-261)/m is divided by 30.
28
Let f = 8002 + -7784. What is the remainder when 4793 is divided by f?
215
Let c = -527 + 534. Let o(a) = 6*a**2 + 2*a - 1. What is the remainder when o(2) is divided by c?
6
Let d = -10 + -16. Let z(i) = -6*i + 109. Calculate the remainder when z(d) is divided by 67.
64
Let h(v) = 8*v**2 - 120*v + 18. What is the remainder when 12974 is divided by h(15)?
14
Suppose s - 5*i = 109, 2*s - 7*s + 485 = 5*i. What is the remainder when 334 is divided by s?
37
Let k(o) = o**3 + 9*o**2 - 11*o - 7. Let h be k(-10). Calculate the remainder when 3/1 + (29 - 6/h) is divided by 10.
0
Suppose 0 = h + h - 6. Let p(x) = 35*x - 3. Suppose 1761 = 132*a - 2859. Calculate the remainder when p(h) is divided by a.
32
Suppose 87*a + 76*a + 110 = 185*a. What is the remainder when 304 is divided by a?
4
Let y = 17 - 9. What is the remainder when 18 is divided by 6 + -4 + -2 - y*-1?
2
Let z(u) = 4*u**2 - 7*u - 10. Suppose 0 = 5*v + 3*s - 10, -3*v + 2*s - 5*s + 6 = 0. What is the remainder when z(6) is divided by v?
0
Suppose 58*q - 57*q + 76 = r, 274 = 4*r + 2*q. What is the remainder when r is divided by 48?
23
Let w(k) = 2*k**3 + 31*k**2 - 16*k + 7. Let u be w(-16). Let r(q) = q**3 - 9*q**2 + 19*q - 26. What is the remainder when r(u) is divided by 5?
4
Suppose -2*w = -4*k, -w + 2*w = 5*k - 3. Suppose 2 + 6 = -w*p. Calculate the remainder when (-4 - -6)*(-262)/p is divided by 33.
32
Let a(i) = -6*i - 11. Let q be a(5). Let s(m) = 5*m**3 + 2*m**2 - 2*m + 6. Let k be s(2). Let w = q + k. Calculate the remainder when w is divided by 6.
3
Let s(w) = -2*w**3 - 36*w**2 - 234*w - 3. Calculate the remainder when s(-11) is divided by 63.
58
Suppose -1989 = -3*n - 3*j, -5*n + 7*j - 3*j + 3360 = 0. Let h = 715 - n. What is the remainder when h is divided by 12?
11
Let k = -34 - -666. Suppose -142 - k = -18*r. What is the remainder when r is divided by 20?
3
Let m = 15 - 25. Let s be -2*(-15)/m - 1. Let l(u) = 8*u**2 + 7*u + 7. What is the remainder when l(s) is divided by 10?
7
Calculate the remainder when 151 is divided by 480/360*(-15)/(-2).
1
Let i be (-6 - 2 - -7)*-24. Calculate the remainder when (654/i)/((-3)/(-24)) is divided by 37.
33
Let y = -7 + -18. Calculate the remainder when 22 is divided by 8/(-6)*-15*(-15)/y.
10
Let p(h) = -4*h + 11*h + 16 + 0*h + 8*h**2. Calculate the remainder when 199 is divided by p(-3).
65
Let i be -3*((-25)/15 - -1). Let c(m) = 10 - 2*m**i + 3*m + m**3 - 11*m - m**2. What is the remainder when 98 is divided by c(5)?
18
Let b = -4 - -7. Suppose -4*t - b = 2*m + 11, m - 8 = t. Calculate the remainder when 18 is divided by m - (0 - -4)*-1.
4
Suppose -w - 12 = -17. Suppose -5*d - 33 = -6*v + 5*v, 41 = 2*v - w*d. Let b = 9 - -12. What is the remainder when b is divided by v?
5
Let h be ((-12)/(-5))/((-39)/130). Suppose -n - 2 = -30. Calculate the remainder when n is divided by ((-60)/(-16))/((-3)/h).
8
Suppose -130 = -3*u - 5*c, -2*c - 42 = -u - 6. Calculate the remainder when 4197 is divided by u.
37
Let s = 31938 + -31438. Calculate the remainder when s is divided by 111.
56
Suppose -21 = -4*u - s, -2*u - 2*s = -0*s - 18. Suppose 0 = 3*x + 9, u*x + 517 = 4*n + n. Calculate the remainder when n is divided by 26.
23
Suppose 4*p - 427 = w, 0 = 2*p - 4*p - w + 215. Let u = -4638 + 4652. What is the remainder when p is divided by u?
9
Let x = -33840 + 33853. Let g = -1 - -37. What is the remainder when g is divided by x?
10
Suppose -157*a + x = -159*a + 47, -4*x + 128 = 5*a. What is the remainder when (-2 + 148/(-5))*-5 is divided by a?
18
Suppose 3*k - 7*k - 3*j + 44 = 0, -j = 5*k - 66. Let l(g) = 2*g**2 + 4*g - 4. Suppose -i + 1 = -2. Calculate the remainder when l(i) is divided by k.
12
Let t(r) = -2*r**2 + 368*r - 1409. Calculate the remainder when t(4) is divided by (-15)/(-3)*18/5.
13
What is the remainder when -18 + (0 - -4) + 4411 is divided by 22?
19
Suppose 6*f + 27 = 63. Let p = -3 - -2. Calculate the remainder when 19 is divided by (1 - p) + (f - (-4 + 2)).
9
Suppose 2*a + g = -2*g + 5690, -a = 3*g - 2839. Calculate the remainder when a is divided by 21.
16
Suppose -6*k + 15854 = 5*c - 3*k, 2*c - 6323 = 5*k. Let j = 2183 - c. Calculate the remainder when 164 is divided by 10/75 + j/(-30).
32
Suppose 539 = 25*j - 461. What is the remainder when j is divided by ((-1)/2*2)/((-1)/11)?
7
Let w(c) = 143 - 108 + c**2 - 13*c + 4*c. What is the remainder when w(8) is divided by 19?
8
Calculate the remainder when 5601 is divided by ((-120)/(-8))/1 + 172.
178
Suppose 2*y + 4*t - 452 = 0, 2*y = -y + 5*t + 678. Let h = -2032 - -2051. What is the remainder when y is divided by h?
17
Suppose -4*u = -2*s - 362, -4*u = -127*s + 130*s - 397. Let i(y) = y**3 + 8*y**2 - 11*y - 1. What is the remainder when u is divided by i(-9)?
9
Suppose 4*s - 4050 = -8*g + 3*g, 0 = -4*s. What is the remainder when g is divided by 257?
39
Let t = -8 - -25. Let u(m) = -m**3 + 11*m**2 - 19*m + 50. What is the remainder when u(6) is divided by t?
14
Let t(w) = 12*w**2 - 246*w - 209. Calculate the remainder when t(26) is divided by 1495.
12
What is the remainder when ((-9)/(-6))/((-24)/(-1888)) is divided by 17 + 4 + (-36)/4?
10
Let m = -205316 + 205337. Suppose 0 = -5*x + 4*h + 1485, 0*x + 4*h + 313 = x. Calculate the remainder when x is divided by m.
20
Let p = 9 + -30. Let j be (-159)/p - (-15)/35. Suppose -j*t + 84 = 4. Calculate the remainder when t is divided by 8.
2
Suppose 4*d + 19 = 5*d. Let i be 232/3*-3*(-3)/(-6). Let f = 168 + i. What is the remainder when f is divided by d?
14
Suppose 18*p = 3904 - 520. What is the remainder when p is divided by 15?
8
Suppose -2*i + 2*g = 6, 211*g - 209*g - 11 = i. Let l be ((-1)/2)/((-1)/(-12)). What is the remainder when (-134)/l - 1/3 is divided by i?
2
Let g = -1951 - -1962. What is the remainder when 61 is divided by g?
6
Let q(x) = x**3 - 7*x**2 + 5*x + 2131. What is the remainder when q(0) is divided by 82?
81
Let l = -5708 + 5757. Calculate the remainder when 2495 is divided by l.
45
Let u = 49 - 42. Let n(x) = -31*x**2 + 8*x - 31. Let m be n(u). What is the remainder when (m/(-12))/(-3)*2*-1 is divided by 28?
27
Let g(n) = n**2 + 10*n - 20. Let r be g(-12). Suppose -29 - 40 = -i - r*u, -i + u = -44. What is the remainder when i is divided by (1 + -2)*(-1 + -25)?
23
Let s(p) = 6*p**2 + 367*p + 96. Calculate the remainder when 43 is divided by s(-61).
8
Suppose 4*u = -0*n + 3*n + 79, -3*n + 71 = 2*u. Calculate the remainder when u is divided by 15.
10
Suppose 0 = -1111*q + 1117*q - 6. What is the remainder when 26/(-39)*q*-642 is divided by 48?
44
Suppose -22 = -4*p - 0*v + 3*v, 3*p + 2*v - 8 = 0. Suppose -11 = p*b - 27. Calculate the remainder when 49 is divided by (b + -29)*(-4 - -3).
24
Let m(n) = -n**3 + 14*n**2 + 29*n + 60. Let k be m(16). Suppose 20 = -k*i + 224. Let l = -13 - -20. Calculate the remainder when i is divided by l.
3
Let f(w) = 5*w**2 + 2*w + 8. Let d be f(4). Let a = d - 83. What is the remainder when 100 is divided by a?
9
Let g be -2*(-28)/8*-1. Let z = g - -22. Let w = -109 - -183. Calculate the remainder when w is divided by z.
14
Suppose -6*z = 3*z - 1566. Let u = -144 + z. What is the remainder when -1 + -2 - (5 + -94) is divided by u?
26
Let n be 1 + 1 + -2 + 6. Calculate the remainder when 23 is divided by -3 + (n - -16) - 5.
9
Let y = -171 + 175. Let b(u) = u + 19. Let h be b(-21). What is the remainder when 38 is divided by ((-297)/y)/(-9) + h/8?
6
Let c(m) = -2*m**3 - 4*m**2 - 3*m + 2. Let g(i) = 1926*i + 432. What is the remainder when g(0) is divided by c(-3)?
26
Suppose 2*k - 5*t - 19 = k, 0 = 5*k + 4*t - 153. Suppose 34*n - 51*n = -255. Calculate the remainder when k is divided by n.
14
Let y = -29041 - -32724. What is the remainder when y is divided by 82?
75
Suppose -21*w + 89 + 394 = 0. Suppose -2*z - 7 + 35 = 0. What is the remainder when w is divided by z?
9
Suppose 0 = 404*q - 32*q - 12614 - 28678. Calculate the remainder when 660 is divi